- 2*c**2 - 2*c**2. Let w = -8 + 7. Let g(n) = -n - 3. Let z be g(w). Calculate v(z).
-2
Let x(h) = -h**2 + 6*h - 5. Let f(t) = -t**2 + 5*t - 3. Let j be f(3). What is x(j)?
4
Let a = 123 - 40. Suppose 13*r - a = -18. Let s(l) = l**3 - 5*l**2 - 6. Give s(r).
-6
Let y(b) = 13*b**2 - 116*b - 10. Let j be y(9). Let i(d) = 2*d**3 - d**2 - d. Determine i(j).
-2
Let q = -89 - -96. Let y(c) = -2*c + 8. Give y(q).
-6
Let o(b) = 4*b. Let w be (2 + (-7)/2)*2/3. Calculate o(w).
-4
Let d(q) = -1 + q**2 + 0*q**2 - q**3 - 5*q**2. Suppose -5*j + 4*o + 9 - 26 = 0, -5*o + 5 = -3*j. Determine d(j).
24
Suppose 4*c = 6*c - 5*w + 4, 4*c + w - 36 = 0. Let n(x) = -x - x + 3*x - 7. Calculate n(c).
1
Let j(x) = -7*x + x**2 - 4*x**2 + 3*x**2 + 2*x**2 - x**2. Determine j(7).
0
Let o(p) = p + 7. Let y be o(-9). Let z(v) = -3*v - 38*v**2 + 19*v**2 + 17*v**2. What is z(y)?
-2
Suppose -8*c + 6 = -2*c. Let i(q) = 5 - 1 - c + q**2 - q + 3. Give i(0).
6
Let l(x) = x + 3 - 102*x**3 - 2 + 101*x**3. Let k(t) = -3*t**3 - t**2 + 5*t - 3. Let u(r) = -k(r) + 4*l(r). Let w = -2 - -2. Give u(w).
7
Let j(s) = s**2 - 3*s - 3. Let u(o) = o**3 + 7*o**2 + 5*o + 8. Let r be u(-6). Let k = r + -15. Let a(y) = 3*y + 1. Let l be a(k). Calculate j(l).
7
Let g(h) = 5*h**2 - 567 + 548 + 9*h - 6*h**2. Calculate g(10).
-29
Let i(n) be the second derivative of 7*n**5/20 - n**4/12 - 5*n**3/6 - 2*n**2 + 573*n. Give i(-1).
-7
Let g(a) = -3*a**2 + 2*a + 1. Suppose -6 = 954*m - 951*m. What is g(m)?
-15
Suppose 0 = -3*v + 6, -5*v = 3*f - 8 - 14. Let l(o) = -o**3 + 6*o**2 - 2*o + 1. Determine l(f).
25
Let t(j) = j**3 + 1. Let b(v) = -3*v**3 + 2*v**2 + 3*v. Let c(y) = y**3 - 5*y**2 - 14*y + 1. Let u be c(7). Let n(a) = u*b(a) + 2*t(a). Determine n(3).
2
Let d = -173 - -177. Let o(y) be the first derivative of -y**3 - 1/4*y**4 + 0*y + d - 3/2*y**2. What is o(-3)?
9
Let l(q) = 5 + 5*q - 4*q - 2*q. Calculate l(-8).
13
Let i(h) = 7*h - 15. Let r be i(0). Let d = 9 + r. Let s(b) = -2*b - 2. Calculate s(d).
10
Let y(z) = z**2 + 6*z + 1. Suppose 44 = 69*h - 80*h. What is y(h)?
-7
Let l(d) = 139*d**2 - 7 - 143*d**2 - 459*d + 461*d + d**3. What is l(4)?
1
Let o(l) be the third derivative of -l**5/60 + 3*l**4/8 - 7*l**3/3 - 151*l**2. Calculate o(7).
0
Let a(k) = 12*k + 88. Let g be a(-8). Let o(s) = -s**3 - 7*s**2 + 7*s + 8. Calculate o(g).
16
Let t = 36 - 36. Let d(z) = -2 + t + 2*z - 10*z**2 - z + 7*z**2. Give d(2).
-12
Let m = -11 + 5. Let b(r) be the third derivative of 0*r - 1/12*r**4 + 51*r**2 - 2/3*r**3 + 0. Calculate b(m).
8
Let v(l) = 11*l + 6. Suppose i - 10 = 3*i - 2*c, 2*c = -5*i - 18. Let m(d) = -9*d - 5. Let g(x) = i*m(x) - 3*v(x). Give g(-3).
-7
Let l(s) = s**2 + 9*s + 5. Suppose -6*r = 15 - 27. Suppose 2*m + 8 = -y - 12, 0 = r*y + 8. What is l(m)?
-3
Let u(s) = -s + 7. Let h be u(0). Let o(r) = 4*r**3 + 13*r**2 + 16*r + 9. Let m(k) = 3*k**3 + 9*k**2 + 11*k + 6. Let f(d) = h*m(d) - 5*o(d). Give f(3).
-3
Let s(i) = i**3 + 7*i**2 + 7*i + 1. Suppose -3*t + 28 = -2*t + 2*m, 3*t = 2*m + 44. Suppose 3*x + t = -0*x. What is s(x)?
-5
Let j(s) be the second derivative of 9*s - 3/2*s**2 + 0 - 1/12*s**4 - 1/6*s**3. Give j(0).
-3
Let u(a) = -6*a**2 - 7. Let q(m) = -1. Let o(y) = 6*q(y) - u(y). Let j(s) = s - 10. Let i be j(9). Calculate o(i).
7
Let b(n) = 2*n**2 + 7*n + 6. Let k(v) = v**2 - 6*v - 3. Let h be k(7). Suppose -41 = 4*q + 5*m, -2*q - h*m + 2 = -6*m. Calculate b(q).
10
Let w(p) = 3*p**3 + 24*p**2 + 7*p + 30. Let m(b) = -2*b**3 - 16*b**2 - 5*b - 20. Let z(d) = -7*m(d) - 5*w(d). What is z(-8)?
-10
Let u(o) = -2*o**3 - 4*o**2 + 4*o - 1. Let r(n) = 5*n**3 + 8*n**2 - 9*n + 2. Let z(v) = 3*r(v) + 7*u(v). What is z(3)?
-7
Let v = -18 + 12. Let t(a) = -8 + 5 + 2*a**3 + 3*a**3 + 5*a**2 - 5*a - 4*a**3. What is t(v)?
-9
Let n(c) be the third derivative of c**6/120 - c**5/20 - c**3/6 - 2*c**2 - 92*c. Give n(4).
15
Let g(f) be the first derivative of 4*f - 2/3*f**3 + f**2 + 11. Determine g(3).
-8
Let q(u) be the first derivative of -1/4*u**4 - 7/3*u**3 - 1 - 2*u - 7/2*u**2. Let n(d) = -92*d + 454. Let i be n(5). What is q(i)?
4
Let o(r) = 2 + 4*r - 21*r**2 + 20*r**2 - 2 + 9 - r. Determine o(-6).
-45
Let g(a) be the third derivative of -a**6/120 - a**5/12 - a**3/6 + 13*a**2. Suppose 7 = j + 4*n, -2*j - 6*n + 5 = -n. Give g(j).
-1
Let n = 208 + -202. Let l(s) = s**3 - 6*s**2 + s - 4. Determine l(n).
2
Let j be (3 - (-15)/(-10))*2. Let c(q) = 2*q**2 + q**3 + 2 - j + 1 + 4 - q. Determine c(-3).
-2
Suppose 10*c - 33 = -c. Let u(o) = -4*o**c + 3*o**3 - 4*o + 5*o - 6*o**2 - 5. Give u(-6).
-11
Let a(y) be the first derivative of -y**3/3 - 4*y**2 - 4*y + 167. Give a(-6).
8
Let k(m) = 19*m + 3. Let r(d) = 16*d + 4. Let p(t) = -5*k(t) + 6*r(t). Calculate p(0).
9
Let i be 110/7 - 16/(-56). Let v(z) = 31*z - 5 - i*z - 16*z. Determine v(-4).
-1
Let m(y) = -3*y**2 + 6*y + 9. Let q(k) be the first derivative of 4*k**3/3 - 5*k**2/2 - 8*k + 15. Let w(a) = 3*m(a) + 2*q(a). Calculate w(9).
2
Let x(b) be the second derivative of -b**6/720 - b**5/60 - b**4/4 - 2*b. Let z(k) be the third derivative of x(k). Let p = -409 - -406. What is z(p)?
1
Let z(m) = 5*m - 13. Let g(k) = -4*k + 11. Let h(a) = -7*g(a) - 6*z(a). What is h(11)?
-21
Let g(v) = v**2 - 2*v + 1. Let u be g(3). Let p(q) be the second derivative of -q**5/20 + q**4/3 - q + 83. Determine p(u).
0
Let i(s) = -s - 1. Let k be (-1 - -4)/((-24)/(-16)). Let w be k*(-1 + 20/8). Let q be (-13 + 10)*(-2)/w. Determine i(q).
-3
Let f(n) = -n + 21. Let u be f(17). Let g(c) = 2 + 4*c - c - u*c - 6. Calculate g(-3).
-1
Let i = -80 - -80. Let j(o) = -o**3 + 6. Determine j(i).
6
Let n(u) = -u**3 - 7*u**2 - 5*u + 3. Suppose 2*t + 41 = 49. Let z(y) = -y - 2. Let a be z(t). Give n(a).
-3
Let k be (-2)/(-5) + 72/45. Let w be -5 - k/(-4)*6. Let a(u) = -4*u - 3. Calculate a(w).
5
Let p(t) = -12*t - 13. Let s(n) = -3*n - 4. Let w(z) = -2*p(z) + 7*s(z). What is w(6)?
16
Let q(r) = -r**3 - 5*r**2 - 2*r - 5. Let w(b) = b**3 - 6*b**2 + 7*b - 4. Let y be w(5). Suppose 4*j = y*j - 56. Suppose -7*z - 7 - j = 0. What is q(z)?
5
Let y(i) be the second derivative of -i**3/6 + 362*i. What is y(3)?
-3
Suppose -4*n + 13 = -11. Let j(r) = -n*r + 3*r + 3*r + r - 4. What is j(7)?
3
Let l(m) = 4 - 2*m**2 + 6*m**2 - 7*m - m - 5*m**2. Determine l(-10).
-16
Suppose 3 = 2*n - 3. Let u = -2 - -3. Let t(o) = u + 2*o + o + n*o + o**2 - 5. Give t(-6).
-4
Let z(u) = 0*u - 3 - 6 + 2 - u + 3. Calculate z(-1).
-3
Let j(m) be the third derivative of m**5/60 - 5*m**4/24 - 5*m**3/6 - 2*m**2. Let k = 2 + 0. Let w be k/(8/(-3) + 3). Give j(w).
1
Let g = -127 + 123. Let a(i) = -8*i - 1. Let z(r) = -11*r - 2. Let u(y) = g*a(y) + 3*z(y). Suppose 2*n = 5*p + 6*n + 40, 0 = -p - 2*n - 14. Give u(p).
2
Let f(p) = -3*p**2 + 2*p - 2. Let k be f(2). Let w(b) = -2*b - 16. Let x be w(k). Let o(c) = -2*c + 2. Calculate o(x).
-6
Let b = -111 - -119. Let p(r) be the first derivative of -r**3/3 + 4*r**2 + 5*r - 3. Calculate p(b).
5
Let v(s) be the first derivative of -s**5/60 + s**4/8 - s**3/3 + 8*s**2 - 19. Let t(g) be the second derivative of v(g). What is t(2)?
0
Let z(u) be the third derivative of -u**5/60 + u**4/3 - u**3/6 - 13*u**2. Let r(a) = -a**2 + 12*a + 8. Let g be r(12). What is z(g)?
-1
Let h(g) = g - 6. Let o(d) = 2*d - 11. Let k(t) = 5*h(t) - 2*o(t). Give k(4).
-4
Let u(w) be the first derivative of w**3/3 - 5*w**2/2 + 521. Let l(y) = y - 3. Let r be l(8). Determine u(r).
0
Let j(r) be the first derivative of 1/3*r**3 + r - 1 + 1/2*r**4 + r**2. Let y be -2 + (6 - 3)/3. Give j(y).
-2
Let r(v) = 2*v**3 + 63*v**2 + 33*v + 52. Let u be r(-31). Let p(k) be the second derivative of -k**3/6 - 2*k**2 + 4*k. Determine p(u).
6
Let f(r) = r**3 - 3*r**2 - 2*r + 6. Let o(g) = g**2 - 32*g + 258. Let t be o(15). Give f(t).
0
Let l(g) be the second derivative of 42*g + 1/12*g**4 + 2*g**2 - g**3 + 0. What is l(2)?
-4
Let m(y) = -y**2 + 6. Let z(c) = -c**2 - c + 1. Let k(r) = m(r) - 2*z(r). What is k(-5)?
19
Suppose 0 = 2*i + 5*t - 10, 3*i - 22 = 4*t - 7. Let m(p) = 2*p**3 + 4*p - 5*p + i*p**3 + 2*p. Give m(1).
8
Let p(z) = z**2 - 3*z - 6. Let f be p(5). Let x(i) = -i**3 - 9*i + 5*i**2 + 0 - 9*i - 4 + 14*i. Calculate x(f).
-4
Let q(i) be the third derivative of i**4/8 + i**3 - 147*i**2 + 1. Give q(-2).
0
Let k = -1 + -3. Let t(b) = 245*b - 242*b + 11